{"id":2849,"date":"2020-04-01T00:00:59","date_gmt":"2020-03-31T22:00:59","guid":{"rendered":"http:\/\/www.pmp4you.support\/pmp\/?page_id=2849"},"modified":"2020-04-17T19:32:43","modified_gmt":"2020-04-17T17:32:43","slug":"agb","status":"publish","type":"page","link":"https:\/\/www.pmp4you.support\/pmp\/ueber-pmp\/agb\/","title":{"rendered":"AGB"},"content":{"rendered":"<div data-colibri-id=\"2849-c1\" class=\"style-1598 style-local-2849-c1 position-relative\">\n  <!---->\n  <div data-colibri-component=\"section\" data-colibri-id=\"2849-c2\" id=\"custom\" class=\"h-section h-section-global-spacing d-flex align-items-lg-center align-items-md-center align-items-center style-1603 style-local-2849-c2 position-relative\">\n    <!---->\n    <!---->\n    <div class=\"h-section-grid-container h-section-boxed-container\">\n      <!---->\n      <div data-colibri-id=\"2849-c3\" class=\"h-row-container gutters-row-lg-2 gutters-row-md-2 gutters-row-0 gutters-row-v-lg-2 gutters-row-v-md-2 gutters-row-v-2 style-1609 style-local-2849-c3 position-relative\">\n        <!---->\n        <div class=\"h-row justify-content-lg-center justify-content-md-center justify-content-center align-items-lg-stretch align-items-md-stretch align-items-stretch gutters-col-lg-2 gutters-col-md-2 gutters-col-0 gutters-col-v-lg-2 gutters-col-v-md-2 gutters-col-v-2\">\n          <!---->\n          <div class=\"h-column h-column-container d-flex h-col-lg-auto h-col-md-auto h-col-auto style-1610-outer style-local-2849-c4-outer\">\n            <div data-colibri-id=\"2849-c4\" class=\"d-flex h-flex-basis h-column__inner h-px-lg-2 h-px-md-2 h-px-2 v-inner-lg-2 v-inner-md-2 v-inner-2 style-1610 style-local-2849-c4 position-relative\">\n              <!---->\n              <!---->\n              <div class=\"w-100 h-y-container h-column__content h-column__v-align flex-basis-100 align-self-lg-start align-self-md-start align-self-start\">\n                <!---->\n                <div data-colibri-id=\"2849-c5\" class=\"h-global-transition-all h-heading style-1611 style-local-2849-c5 position-relative h-element\">\n                  <!---->\n                  <!---->\n                  <h2 class=\"\">AGB \u2013 Fachverband Unternehmensberatung<\/h2>\n                <\/div>\n              <\/div>\n            <\/div>\n          <\/div>\n        <\/div>\n      <\/div>\n      <div data-colibri-id=\"2849-c6\" class=\"h-row-container gutters-row-lg-2 gutters-row-md-2 gutters-row-0 gutters-row-v-lg-2 gutters-row-v-md-2 gutters-row-v-2 style-1612 style-local-2849-c6 position-relative\">\n        <!---->\n        <div class=\"h-row justify-content-lg-center justify-content-md-center justify-content-center align-items-lg-stretch align-items-md-stretch align-items-stretch gutters-col-lg-2 gutters-col-md-2 gutters-col-0 gutters-col-v-lg-2 gutters-col-v-md-2 gutters-col-v-2\">\n          <!---->\n          <div class=\"h-column h-column-container d-flex h-col-lg-auto h-col-md-auto h-col-auto style-1613-outer style-local-2849-c7-outer\">\n            <div data-colibri-id=\"2849-c7\" class=\"d-flex h-flex-basis h-column__inner h-px-lg-2 h-px-md-2 h-px-2 v-inner-lg-2 v-inner-md-2 v-inner-2 style-1613 style-local-2849-c7 position-relative\">\n              <!---->\n              <!---->\n              <div class=\"w-100 h-y-container h-column__content h-column__v-align flex-basis-100 align-self-lg-start align-self-md-start align-self-start\">\n                <!---->\n                <div data-colibri-id=\"2849-c8\" class=\"h-text h-text-component style-1614 style-local-2849-c8 position-relative h-element\">\n                  <!---->\n                  <!---->\n                  <div class=\"\">\n                    <p>Diese AGB sind auf Basis der AGB des Fachverbandes Unternehmensberatung und Informationstechnologie erstellt und orientieren sich an den Berufsgrunds\u00e4tzen und Standesregeln der Unternehmensberater.&nbsp;<\/p>\n                  <\/div>\n                <\/div>\n              <\/div>\n            <\/div>\n          <\/div>\n        <\/div>\n      <\/div>\n      <div data-colibri-id=\"2849-c9\" class=\"h-row-container gutters-row-lg-2 gutters-row-md-2 gutters-row-0 gutters-row-v-lg-2 gutters-row-v-md-2 gutters-row-v-2 style-1604 style-local-2849-c9 position-relative\">\n        <!---->\n        <div class=\"h-row justify-content-lg-center justify-content-md-center justify-content-center align-items-lg-stretch align-items-md-stretch align-items-stretch gutters-col-lg-2 gutters-col-md-2 gutters-col-0 gutters-col-v-lg-2 gutters-col-v-md-2 gutters-col-v-2\">\n          <!---->\n          <div class=\"h-column h-column-container d-flex h-col-lg-auto h-col-md-auto h-col-auto style-1605-outer style-local-2849-c10-outer\">\n            <div data-colibri-id=\"2849-c10\" class=\"d-flex h-flex-basis h-column__inner h-px-lg-2 h-px-md-2 h-px-2 v-inner-lg-2 v-inner-md-2 v-inner-2 style-1605 style-local-2849-c10 position-relative\">\n              <!---->\n              <!---->\n              <div class=\"w-100 h-y-container h-column__content h-column__v-align flex-basis-100 align-self-lg-start align-self-md-start align-self-start\">\n                <!---->\n                <div data-colibri-id=\"2849-c11\" class=\"h-text h-text-component style-1607 style-local-2849-c11 position-relative h-element\">\n                  <!---->\n                  <!---->\n                  <div class=\"\">\n                    <h4>1. Allgemeine Grundlagen \/ Geltungsbereich<\/h4>\n                    <p>1.1 F\u00fcr s\u00e4mtliche Rechtsgesch\u00e4fte zwischen dem Auftraggeber und der Unternehmensberatung Personal.Management Dr. Robert P\u00fcrstinger \u2013 im Folgenden kurz PMP genannt \u2013 gelten ausschlie\u00dflich diese Allgemeinen Gesch\u00e4ftsbedingungen. Ma\u00dfgeblich\n                      ist jeweils die zum Zeitpunkt des Vertragsabschlusses g\u00fcltige Fassung.\n                      <br \/>1.2 Diese Allgemeinen Gesch\u00e4ftsbedingungen gelten auch f\u00fcr alle k\u00fcnftigen Vertragsbeziehungen, somit auch dann, wenn bei Zusatzvertr\u00e4gen darauf nicht ausdr\u00fccklich hingewiesen wird.\n                      <br \/>1.3 Entgegenstehende Allgemeine Gesch\u00e4ftsbedingungen des Auftraggebers sind ung\u00fcltig, es sei denn, diese werden von PMP ausdr\u00fccklich schriftlich anerkannt.\n                      <br \/>1.4 F\u00fcr den Fall, dass einzelne Bestimmungen dieser Allgemeinen Gesch\u00e4ftsbedingungen unwirksam sein und\/oder werden sollten, ber\u00fchrt dies die Wirksamkeit der verbleibenden Bestimmungen und der unter ihrer Zugrundelegung geschlossenen\n                      Vertr\u00e4ge nicht. Die unwirksame ist durch eine wirksame Bestimmung, die ihr dem Sinn und wirtschaftlichen Zweck nach am n\u00e4chsten kommt, zu ersetzen.<\/p>\n                    <p>&nbsp;<\/p>\n                    <h4>2. Umfang des Beratungsauftrages \/ Stellvertretung<\/h4>\n                    <p>2.1 Der Umfang eines konkreten Beratungsauftrages wird im Einzelfall vertraglich vereinbart.\n                      <br \/>2.2 PMP ist berechtigt, die ihm obliegenden Aufgaben ganz oder teilweise durch Dritte erbringen zu lassen. Die Bezahlung des Dritten er\u00adfolgt ausschlie\u00dflich durch PMP selbst. Es entsteht kein wie immer geartetes direktes Vertragsverh\u00e4ltnis\n                      zwischen dem Dritten und dem Auftraggeber.<\/p>\n                    <p>&nbsp;<\/p>\n                    <h4>3. Aufkl\u00e4rungspflicht des Auftraggebers \/ Vollst\u00e4ndigkeitserkl\u00e4rung<\/h4>\n                    <p>3.1 Der Auftraggeber sorgt daf\u00fcr, dass die organisatorischen Rahmenbedingungen bei Erf\u00fcllung des Beratungsauftrages an seinem Gesch\u00e4ftssitz ein m\u00f6glichst ungest\u00f6rtes, dem raschen Fortgang des Beratungsprozesses f\u00f6rderliches Arbeiten\n                      erlauben.\n                      <br \/>3.2 Der Auftraggeber wird PMP auch \u00fcber vorher durchgef\u00fchrte und\/oder laufende Beratungen \u2013 auch auf anderen Fachgebieten \u2013 umfassend informieren.\n                      <br \/>3.3 Der Auftraggeber sorgt daf\u00fcr, dass PMP auch ohne dessen besondere Aufforderung alle f\u00fcr die Erf\u00fcllung und Ausf\u00fchrung des Beratungsauftrages notwendigen Unterlagen zeitgerecht vorgelegt werden und ihm von allen Vorg\u00e4ngen und Umst\u00e4nden\n                      Kenntnis gegeben wird, die f\u00fcr die Ausf\u00fchrung des Beratungsauftrages von Bedeutung sind. Dies gilt auch f\u00fcr alle Unterlagen, Vorg\u00e4nge und Umst\u00e4nde, die erst w\u00e4hrend der T\u00e4tigkeit von PMP bekannt werden.\n                      <br \/>3.4 Der Auftraggeber sorgt daf\u00fcr, dass seine Mitarbeiter und die gesetzlich vorgesehene und gegebenenfalls eingerichtete Arbeitnehmervertretung (Betriebsrat) bereits vor Beginn der T\u00e4tigkeit durch PMP von dieser informiert werden.<\/p>\n                    <p>&nbsp;<\/p>\n                    <h4>4. Sicherung der Unabh\u00e4ngigkeit<\/h4>\n                    <p>4.1 Die Vertragspartner verpflichten sich zur gegenseitigen Loyalit\u00e4t.\n                      <br \/>4.2 Die Vertragspartner verpflichten sich gegenseitig, alle Vorkehrungen zu treffen, die geeignet sind, die Gef\u00e4hrdung der Unabh\u00e4ngigkeit der beauftragten Dritten und Mitarbeiter von PMP zu verhindern. Dies gilt insbesondere f\u00fcr\n                      Angebote des Auftraggebers auf Anstellung bzw. der \u00dcbernahme von Auftr\u00e4gen auf eigene Rechnung.<\/p>\n                    <p>&nbsp;<\/p>\n                    <h4>5. Berichterstattung \/ Berichtspflicht<\/h4>\n                    <p>5.1 PMP verpflichtet sich, \u00fcber ihre Arbeit, die ihrer Mitarbeiter und gegebenenfalls auch die beauftragter Dritter dem Arbeitsfortschritt entsprechend dem Auftraggeber Bericht zu erstatten.\n                      <br \/>5.2 PMP ist bei der Herstellung des vereinbarten Werkes weisungsfrei, handelt nach eigenem Gutd\u00fcnken und in eigener Verantwortung. PMP ist an keinen bestimmten Arbeitsort und keine bestimmte Arbeitszeit gebunden.<\/p>\n                    <p>&nbsp;<\/p>\n                    <h4>6. Schutz des geistigen Eigentums<\/h4>\n                    <p>6.1 Die Urheberrechte an den von PMP und ihren Mitarbeitern und beauftragten Dritten geschaffenen Werke (insbesondere Anbote, Berichte, Analysen, Gutachten, Organisationspl\u00e4ne, Programme, Leistungsbeschreibungen, Entw\u00fcrfe, Berechnungen,\n                      Zeichnungen, Datentr\u00e4ger etc.) verbleiben bei PMP. Sie d\u00fcrfen vom Auftraggeber w\u00e4hrend und nach Beendigung des Vertragsverh\u00e4ltnisses ausschlie\u00dflich f\u00fcr vom Vertrag umfasste Zwecke verwendet werden. Der Auftraggeber ist insofern nicht\n                      berechtigt, das Werk (die Werke) ohne ausdr\u00fcckliche Zustimmung von PMP zu vervielf\u00e4ltigen und\/oder zu verbreiten. Keinesfalls entsteht durch eine unberechtigte Vervielf\u00e4ltigung\/Verbreitung des Werkes eine Haftung von PMP \u2013 insbesondere\n                      etwa f\u00fcr die Richtigkeit des Werkes \u2013 gegen\u00fcber Dritten.\n                      <br \/>6.2 Der Versto\u00df des Auftraggebers gegen diese Bestimmungen berechtigt PMP zur sofortigen vorzeitigen Beendigung des Vertragsverh\u00e4ltnisses und zur Geltendmachung anderer gesetzlicher Anspr\u00fcche, insbesondere auf Unterlassung und\/oder\n                      Schadenersatz.<\/p>\n                    <p>&nbsp;<\/p>\n                    <h4>7. Gew\u00e4hrleistung<\/h4>\n                    <p>7.1 PMP ist ohne R\u00fccksicht auf ein Verschulden berechtigt und verpflichtet, bekannt werdende Unrichtigkeiten und M\u00e4ngel an seiner Leistung zu beheben. PMP wird den Auftraggeber hievon unverz\u00fcglich in Kenntnis setzen.\n                      <br \/>7.2 Dieser Anspruch des Auftraggebers erlischt nach sechs Monaten nach Erbringen der jeweiligen Leistung.<\/p>\n                    <p>&nbsp;<\/p>\n                    <p>\n                      <br \/>\n                    <\/p>\n                  <\/div>\n                <\/div>\n              <\/div>\n            <\/div>\n          <\/div>\n          <div class=\"h-column h-column-container d-flex h-col-lg-auto h-col-md-auto h-col-auto style-1606-outer style-local-2849-c12-outer\">\n            <div data-colibri-id=\"2849-c12\" class=\"d-flex h-flex-basis h-column__inner h-px-lg-2 h-px-md-2 h-px-2 v-inner-lg-2 v-inner-md-2 v-inner-2 style-1606 style-local-2849-c12 position-relative\">\n              <!---->\n              <!---->\n              <div class=\"w-100 h-y-container h-column__content h-column__v-align flex-basis-100 align-self-lg-start align-self-md-start align-self-start\">\n                <!---->\n                <div data-colibri-id=\"2849-c13\" class=\"h-text h-text-component style-1608 style-local-2849-c13 position-relative h-element\">\n                  <!---->\n                  <!---->\n                  <div class=\"\">\n                    <h4>8. Haftung \/ Schadenersatz<\/h4>\n                    <p>8.1 PMP haftet dem Auftraggeber f\u00fcr Sch\u00e4den \u2013 ausgenommen f\u00fcr Personensch\u00e4den \u2013 nur im Falle groben Verschuldens (Vorsatz oder grobe Fahrl\u00e4ssigkeit). Dies gilt sinngem\u00e4\u00df auch f\u00fcr Sch\u00e4den, die auf von PMP beigezogene Dritte zur\u00fcckgehen.\n                      <br \/>8.2 Schadenersatzanspr\u00fcche des Aufraggebers k\u00f6nnen nur innerhalb von sechs Monaten ab Kenntnis von Schaden und Sch\u00e4diger, sp\u00e4testens aber innerhalb von drei Jahren nach dem anspruchsbegr\u00fcndenden Ereignis gerichtlich geltend gemacht\n                      werden.\n                      <br \/>8.3 Der Auftraggeber hat jeweils den Beweis zu erbringen, dass der Schaden auf ein Verschulden von PMP zur\u00fcckzuf\u00fchren ist.\n                      <br \/>8.4 Sofern PMP das Werk unter Zuhilfenahme Dritter erbringt und in diesem Zusammenhang Gew\u00e4hrleistungs- und\/oder Haftungsanspr\u00fcche gegen\u00fcber diesen Dritten entstehen, tritt PMP diese Anspr\u00fcche an den Auftraggeber ab. Der Auftraggeber\n                      wird sich in diesem Fall vorrangig an diese Dritten halten.<\/p>\n                    <p>&nbsp;<\/p>\n                    <h4>9. Geheimhaltung \/ Datenschutz<\/h4>\n                    <p>9.1 PMP verpflichtet sich zu Stillschweigen \u00fcber alle ihr zur Kenntnis gelangenden gesch\u00e4ftlichen Angelegenheiten, insbesondere Gesch\u00e4fts- und Betriebsgeheimnisse sowie jedwede Information, die sie \u00fcber Art, Betriebsumfang und praktische\n                      T\u00e4tigkeit des Auftraggebers erh\u00e4lt.\n                      <br \/>9.2 Weiters verpflichtet sich PMP \u00fcber den gesamten Inhalt des Werkes sowie s\u00e4mtliche Informationen und Umst\u00e4nde, die ihr im Zusammenhang mit der Erstellung des Werkes zugegangen sind, insbesondere auch \u00fcber die Daten von Klienten\n                      des Auftraggebers, Dritten gegen\u00fcber Stillschweigen zu bewahren.\n                      <br \/>9.3 PMP ist von der Schweigepflicht gegen\u00fcber allf\u00e4lligen Gehilfen und Stellvertretern, denen se sich bedient, entbunden. Sie hat die Schweigepflicht aber auf diese vollst\u00e4ndig zu \u00fcberbinden und haftet f\u00fcr deren Versto\u00df gegen die\n                      Verschwiegenheitsverpflichtung wie f\u00fcr einen eigenen Versto\u00df.\n                      <br \/>9.4 Die Schweigepflicht reicht unbegrenzt auch \u00fcber das Ende dieses Vertragsverh\u00e4ltnisses hinaus. Ausnahmen bestehen im Falle gesetzlich vorgesehener Aussageverpflichtungen.\n                      <br \/>9.5 PMP ist berechtigt, ihr anvertraute personenbezogene Daten im Rahmen der Zweckbestimmung des Vertragsverh\u00e4ltnisses zu verarbeiten. Der Auftraggeber leistet PMP Gew\u00e4hr, dass hief\u00fcr s\u00e4mtliche erforderlichen Ma\u00dfnahmen insbesondere\n                      jene im Sinne des Datenschutzgesetzes, wie etwa Zustimmungserkl\u00e4rungen der Betroffenen, getroffen worden sind.<\/p>\n                    <p>&nbsp;<\/p>\n                    <h4>10. Honorar<\/h4>\n                    <p>10.1 Nach Vollendung des vereinbarten Werkes erh\u00e4lt PMP ein Honorar gem\u00e4\u00df der Vereinbarung zwischen dem Auftraggeber und PMP. PMP ist berechtigt, dem Arbeitsfortschritt entsprechend Zwischenabrechnungen zu legen und dem jeweiligen\n                      Fortschritt entsprechende Akonti zu verlangen. Das Honorar ist jeweils mit Rechnungslegung durch PMP f\u00e4llig.\n                      <br \/>10.2 PMP wird jeweils eine zum Vorsteuerabzug berechtigende Rechnung mit allen gesetzlich erforderlichen Merkmalen ausstellen.\n                      <br \/>10.3 Anfallende Barauslagen, Spesen, Reisekosten, etc. sind gegen Rechnungslegung durch PMP vom Auftraggeber zus\u00e4tzlich zu ersetzen.\n                      <br \/>10.4 Unterbleibt die Ausf\u00fchrung des vereinbarten Werkes aus Gr\u00fcnden, die auf Seiten des Auftraggebers liegen, oder aufgrund einer berechtigten vorzeitigen Beendigung des Vertragsverh\u00e4ltnisses durch PMP, so beh\u00e4lt PMP den Anspruch\n                      auf Zahlung des gesamten vereinbarten Honorars abz\u00fcglich ersparter Aufwendungen. Im Falle der Vereinbarung eines Stundenhonorars ist das Honorar f\u00fcr jene Stundenanzahl, die f\u00fcr das gesamte vereinbarte Werk zu erwarten gewesen ist,\n                      abz\u00fcglich der ersparten Aufwendungen zu leisten. Die ersparten Aufwendungen sind mit 30 Prozent des Honorars f\u00fcr jene Leistungen, die PMP bis zum Tage der Beendigung des Vertragsverh\u00e4ltnisses noch nicht erbracht hat, pauschaliert\n                      vereinbart.\n                      <br \/>10.5 Im Falle der Nichtzahlung von Zwischenabrechnungen ist PMP von ihrer Verpflichtung, weitere Leistungen zu erbringen, befreit. Die Geltendmachung weiterer aus der Nichtzahlung resultierender Anspr\u00fcche wird dadurch aber nicht\n                      ber\u00fchrt.<\/p>\n                    <p>&nbsp;<\/p>\n                    <h4>11. Elektronische Rechnungslegung<\/h4>\n                    <p>11.1 PMP ist berechtigt, dem Auftraggeber Rechnungen auch in elektronischer Form zu \u00fcbermitteln. Der Auftraggeber erkl\u00e4rt sich mit der Zusendung von Rechnungen in elektronischer Form durch PMP ausdr\u00fccklich einverstanden.<\/p>\n                    <p>&nbsp;<\/p>\n                    <h4>12. Dauer von Vertr\u00e4gen<\/h4>\n                    <p>12.1 Vertr\u00e4ge enden grunds\u00e4tzlich mit dem Abschluss des Projekts bzw. Fertigstellung des Werkes.\n                      <br \/>12.2 Vertr\u00e4ge k\u00f6nnen dessen ungeachtet jederzeit aus wichtigen Gr\u00fcnden von jeder Seite ohne Einhaltung einer K\u00fcndigungsfrist gel\u00f6st werden.<\/p>\n                    <p>&nbsp;<\/p>\n                    <h4>13. Schlussbestimmungen<\/h4>\n                    <p>13.1 Die Vertragsparteien best\u00e4tigen, alle Angaben in Vertr\u00e4gen gewissenhaft und wahrheitsgetreu gemacht zu haben und verpflichten sich, allf\u00e4llige \u00c4nderungen wechselseitig umgehend bekannt zu geben.\n                      <br \/>13.2 F\u00fcr den Fall von Streitigkeiten aus Vertr\u00e4gen, die nicht einvernehmlich geregelt werden k\u00f6nnen, vereinbaren die Vertragsparteien einvernehmlich zur au\u00dfergerichtlichen Beilegung des Konfliktes eingetragene Mediatoren (ZivMediatG)\n                      mit dem Schwerpunkt Wirtschaftsmediation aus der Liste des Justizministeriums beizuziehen. Sollte \u00fcber die Auswahl der Wirtschaftsmediatoren oder inhaltlich kein Einvernehmen hergestellt werden k\u00f6nnen, werden fr\u00fchestens ein Monat\n                      ab Scheitern der Verhandlungen rechtliche Schritte eingeleitet.\n                      <br \/>13.3 Im Falle einer nicht zustande gekommenen oder abgebrochenen Mediation, gilt in einem allf\u00e4llig eingeleiteten Gerichtsverfahren \u00f6sterreichisches Recht. S\u00e4mtliche aufgrund einer vorherigen Mediation angelaufenen notwendigen Aufwendungen,\n                      insbesondere auch jene f\u00fcr einen beigezogenen Rechtsberater, k\u00f6nnen vereinbarungsgem\u00e4\u00df in einem Gerichts- oder Schiedsgerichtsverfahren als vorprozessuale Kosten geltend gemacht werden.\n                      <br \/>13.4 Auf Vertr\u00e4ge ist materielles \u00f6sterreichisches Recht unter Ausschluss der Verweisungsnormen des internationalen Privatrechts anwendbar. Erf\u00fcllungsort ist der Ort der beruflichen Niederlassung von PMP. F\u00fcr Streitigkeiten ist das\n                      Gericht am Unternehmensort von PMP zust\u00e4ndig.<\/p>\n                    <p>Salzburg, 1. J\u00e4nner 2020<\/p>\n                  <\/div>\n                <\/div>\n              <\/div>\n            <\/div>\n          <\/div>\n        <\/div>\n      <\/div>\n    <\/div>\n  <\/div>\n<\/div>","protected":false},"excerpt":{"rendered":"<p>AGB \u2013 Fachverband Unternehmensberatung Diese AGB sind auf Basis der AGB des Fachverbandes Unternehmensberatung und Informationstechnologie erstellt und orientieren sich an den Berufsgrunds\u00e4tzen und Standesregeln der Unternehmensberater.&nbsp; 1. Allgemeine Grundlagen \/ Geltungsbereich 1.1 F\u00fcr s\u00e4mtliche Rechtsgesch\u00e4fte zwischen dem Auftraggeber und der Unternehmensberatung Personal.Management Dr. Robert P\u00fcrstinger \u2013 im Folgenden kurz PMP genannt \u2013 gelten ausschlie\u00dflich [&hellip;]<\/p>\n","protected":false},"author":3,"featured_media":0,"parent":2359,"menu_order":80,"comment_status":"closed","ping_status":"closed","template":"page-templates\/full-width-page.php","meta":{"_coblocks_attr":"","_coblocks_dimensions":"","_coblocks_responsive_height":"","_coblocks_accordion_ie_support":"","footnotes":""},"_links":{"self":[{"href":"https:\/\/www.pmp4you.support\/pmp\/wp-json\/wp\/v2\/pages\/2849"}],"collection":[{"href":"https:\/\/www.pmp4you.support\/pmp\/wp-json\/wp\/v2\/pages"}],"about":[{"href":"https:\/\/www.pmp4you.support\/pmp\/wp-json\/wp\/v2\/types\/page"}],"author":[{"embeddable":true,"href":"https:\/\/www.pmp4you.support\/pmp\/wp-json\/wp\/v2\/users\/3"}],"replies":[{"embeddable":true,"href":"https:\/\/www.pmp4you.support\/pmp\/wp-json\/wp\/v2\/comments?post=2849"}],"version-history":[{"count":0,"href":"https:\/\/www.pmp4you.support\/pmp\/wp-json\/wp\/v2\/pages\/2849\/revisions"}],"up":[{"embeddable":true,"href":"https:\/\/www.pmp4you.support\/pmp\/wp-json\/wp\/v2\/pages\/2359"}],"wp:attachment":[{"href":"https:\/\/www.pmp4you.support\/pmp\/wp-json\/wp\/v2\/media?parent=2849"}],"curies":[{"name":"wp","href":"https:\/\/api.w.org\/{rel}","templated":true}]}}