{"id":3375,"date":"2020-04-01T00:00:44","date_gmt":"2020-03-31T22:00:44","guid":{"rendered":"http:\/\/www.pmp4you.support\/pmp\/?page_id=3375"},"modified":"2020-04-17T19:05:08","modified_gmt":"2020-04-17T17:05:08","slug":"pmp-team","status":"publish","type":"page","link":"https:\/\/www.pmp4you.support\/pmp\/ueber-pmp\/pmp-team\/","title":{"rendered":"PMP-Team"},"content":{"rendered":"<div data-colibri-id=\"3375-c1\" class=\"style-1320 style-local-3375-c1 position-relative\">\n  <!---->\n  <div data-colibri-component=\"section\" data-colibri-id=\"3375-c2\" id=\"team\" class=\"h-section h-section-global-spacing d-flex align-items-lg-center align-items-md-center align-items-center style-1325 style-local-3375-c2 position-relative\">\n    <div class=\"background-wrapper\">\n      <div class=\"background-layer background-layer-media-container-lg\">\n        <div data-enabled=\"true\" data-colibri-component=\"parallax\" class=\"background-layer paraxify\" style=\"background-image: url(&quot;https:\/\/www.pmp4you.support\/pmp\/wp-content\/uploads\/colibri-image-605.png&quot;);\" model-id=\"3375-c2\" media=\"desktop\"\n          is-preview=\"true\"><\/div>\n        <div class=\"overlay-layer\">\n          <div class=\"overlay-image-layer\" style=\"background-color: rgb(255, 255, 255); opacity: 0.9;\"><\/div>\n          <div class=\"shape-layer\" style=\"background-image: url(&quot;&quot;); background-position: center center; background-size: cover; background-repeat: no-repeat; filter: invert(0%);\"><\/div>\n        <\/div>\n      <\/div>\n      <div class=\"background-layer background-layer-media-container-md\">\n        <div data-enabled=\"true\" data-colibri-component=\"parallax\" class=\"background-layer paraxify\" style=\"background-image: url(&quot;https:\/\/www.pmp4you.support\/pmp\/wp-content\/uploads\/colibri-image-605.png&quot;);\" model-id=\"3375-c2\" media=\"tablet\" is-preview=\"true\"><\/div>\n        <div class=\"overlay-layer\">\n          <div class=\"overlay-image-layer\" style=\"background-color: rgb(255, 255, 255); opacity: 0.9;\"><\/div>\n          <div class=\"shape-layer\" style=\"background-image: url(&quot;&quot;); background-position: center center; background-size: cover; background-repeat: no-repeat; filter: invert(0%);\"><\/div>\n        <\/div>\n      <\/div>\n      <div class=\"background-layer background-layer-media-container\">\n        <div data-enabled=\"true\" data-colibri-component=\"parallax\" class=\"background-layer paraxify\" style=\"background-image: url(&quot;https:\/\/www.pmp4you.support\/pmp\/wp-content\/uploads\/colibri-image-605.png&quot;);\" model-id=\"3375-c2\" media=\"mobile\" is-preview=\"true\"><\/div>\n        <div class=\"overlay-layer\">\n          <div class=\"overlay-image-layer\" style=\"background-color: rgb(255, 255, 255); opacity: 0.9;\"><\/div>\n          <div class=\"shape-layer\" style=\"background-image: url(&quot;&quot;); background-position: center center; background-size: cover; background-repeat: no-repeat; filter: invert(0%);\"><\/div>\n        <\/div>\n      <\/div>\n    <\/div>\n    <!---->\n    <div class=\"h-section-grid-container h-section-boxed-container\">\n      <div data-colibri-id=\"3375-c34\" class=\"h-row-container gutters-row-lg-2 gutters-row-md-2 gutters-row-0 gutters-row-v-lg-2 gutters-row-v-md-2 gutters-row-v-2 style-1337 style-local-3375-c34 position-relative\">\n        <!---->\n        <div class=\"h-row justify-content-lg-center justify-content-md-center justify-content-center align-items-lg-stretch align-items-md-stretch align-items-stretch gutters-col-lg-2 gutters-col-md-2 gutters-col-0 gutters-col-v-lg-2 gutters-col-v-md-2 gutters-col-v-2\">\n          <!---->\n          <div class=\"h-column h-column-container d-flex h-col-lg-auto h-col-md-auto h-col-auto style-1338-outer style-local-3375-c35-outer\">\n            <div data-colibri-id=\"3375-c35\" class=\"d-flex h-flex-basis h-column__inner h-px-lg-2 h-px-md-2 h-px-2 v-inner-lg-2 v-inner-md-2 v-inner-2 style-1338 style-local-3375-c35 position-relative\">\n              <!---->\n              <!---->\n              <div class=\"w-100 h-y-container h-column__content h-column__v-align flex-basis-100 align-self-lg-start align-self-md-start align-self-start\">\n                <!---->\n                <div data-colibri-id=\"3375-c36\" class=\"h-global-transition-all h-heading style-1339 style-local-3375-c36 position-relative h-element\">\n                  <!---->\n                  <!---->\n                  <h2 class=\"\"><em style=\"font-family: Playfair Display; color: rgb(247, 144, 7);\">Der direkte Kontakt<\/em> zum PMP-Team<\/h2>\n                <\/div>\n                <div data-colibri-id=\"3375-c37\" class=\"h-lead h-text h-text-component style-1340 style-local-3375-c37 position-relative h-element\">\n                  <!---->\n                  <!---->\n                  <div class=\"\">\n                    <p>Umfassende&nbsp;Erfahrung sowie ganzheitliches Verst\u00e4ndnis und Wissen&nbsp;im Personalmanagement zeichnen unser Team aus.<\/p>\n                    <p>Wir stehen Ihnen gerne pers\u00f6nlich&nbsp;f\u00fcr Ihre Fragen und Anliegen zur Verf\u00fcgung \u2013 mit einem Klick k\u00f6nnen Sie direkt Kontakt aufnehmen.<\/p>\n                  <\/div>\n                <\/div>\n              <\/div>\n            <\/div>\n          <\/div>\n        <\/div>\n      <\/div>\n      <div data-colibri-id=\"3375-c3\" class=\"h-row-container gutters-row-lg-2 gutters-row-md-2 gutters-row-0 gutters-row-v-lg-2 gutters-row-v-md-2 gutters-row-v-2 style-1326 style-local-3375-c3 position-relative\">\n        <!---->\n        <div class=\"h-row justify-content-lg-center justify-content-md-center justify-content-center align-items-lg-stretch align-items-md-stretch align-items-stretch gutters-col-lg-2 gutters-col-md-2 gutters-col-0 gutters-col-v-lg-2 gutters-col-v-md-2 gutters-col-v-2\">\n          <!---->\n          <div class=\"h-column h-column-container d-flex h-col-lg-4 h-col-md-6 h-col-12 style-1327-outer style-local-3375-c4-outer\">\n            <div data-colibri-id=\"3375-c4\" class=\"d-flex h-flex-basis h-column__inner h-px-lg-0 h-px-md-0 h-px-0 v-inner-lg-0 v-inner-md-0 v-inner-0 style-1327 style-local-3375-c4 position-relative\">\n              <!---->\n              <!---->\n              <div class=\"w-100 h-y-container h-column__content h-column__v-align flex-basis-100 align-self-lg-start align-self-md-start align-self-start\">\n                <!---->\n                <div data-colibri-id=\"3375-c5\" class=\"d-block style-1328 style-local-3375-c5 position-relative h-element\">\n                  <!---->\n                  <div class=\"h-image__frame-container-outer\">\n                    <div class=\"h-image__frame-container\">\n                      <!---->\n                      <!---->\n                      <img loading=\"lazy\" decoding=\"async\" width=\"590\" height=\"840\" src=\"https:\/\/www.pmp4you.support\/pmp\/wp-content\/uploads\/robert_puerstinger.jpg\" class=\"wp-image-11186 style-1328-image style-local-3375-c5-image\" alt=\"\" srcset=\"https:\/\/www.pmp4you.support\/pmp\/wp-content\/uploads\/robert_puerstinger.jpg 590w, https:\/\/www.pmp4you.support\/pmp\/wp-content\/uploads\/robert_puerstinger-211x300.jpg 211w\" sizes=\"(max-width: 590px) 100vw, 590px\" \/>\n                      <div class=\"h-image__frame h-hide-lg h-hide-md h-hide-sm style-1328-frameImage style-local-3375-c5-frameImage\"><\/div>\n                    <\/div>\n                  <\/div>\n                <\/div>\n                <div data-colibri-id=\"3375-c6\" class=\"h-row-container gutters-row-lg-0 gutters-row-md-0 gutters-row-0 gutters-row-v-lg-0 gutters-row-v-md-0 gutters-row-v-0 style-1329 style-local-3375-c6 position-relative\">\n                  <!---->\n                  <div class=\"h-row justify-content-lg-center justify-content-md-center justify-content-center align-items-lg-stretch align-items-md-stretch align-items-stretch gutters-col-lg-0 gutters-col-md-0 gutters-col-0 gutters-col-v-lg-0 gutters-col-v-md-0 gutters-col-v-0\">\n                    <!---->\n                    <div class=\"h-column h-column-container d-flex h-col-lg-auto h-col-md-auto h-col-auto style-1330-outer style-local-3375-c7-outer\">\n                      <div data-colibri-id=\"3375-c7\" class=\"d-flex h-flex-basis h-column__inner h-px-lg-2 h-px-md-2 h-px-2 v-inner-lg-2 v-inner-md-2 v-inner-2 style-1330 style-local-3375-c7 position-relative\">\n                        <!---->\n                        <!---->\n                        <div class=\"w-100 h-y-container h-column__content h-column__v-align flex-basis-100 align-self-lg-start align-self-md-start align-self-start\">\n                          <!---->\n                          <div data-colibri-id=\"3375-c8\" class=\"h-global-transition-all h-heading style-1331 style-local-3375-c8 position-relative h-element\">\n                            <!---->\n                            <!---->\n                            <h4 class=\"\">Mag. Dr. Robert P\u00fcrstinger<\/h4>\n                          <\/div>\n                          <div data-colibri-id=\"3375-c9\" class=\"h-text h-text-component style-1332 style-local-3375-c9 position-relative h-element\">\n                            <!---->\n                            <!---->\n                            <div class=\"\">\n                              <p>Gesch\u00e4ftsf\u00fchrung &amp; Externes Personalmanagement<\/p>\n                            <\/div>\n                          <\/div>\n                          <div data-colibri-id=\"3375-c10\" class=\"h-x-container style-1345 style-local-3375-c10 position-relative h-element\">\n                            <!---->\n                            <div class=\"h-x-container-inner style-dynamic-3375-c10-group style-1345-spacing style-local-3375-c10-spacing\"><span class=\"h-link__outer style-1346-outer style-local-3375-c11-outer d-inline-flex h-element\"><a h-use-smooth-scroll=\"true\" href=\"mailto:robert.puerstinger@pmp.co.at\"  data-colibri-id=\"3375-c11\" class=\"d-flex w-100 align-items-center h-link style-1346 style-local-3375-c11 position-relative\"><!----><!----> <span>robert.puerstinger@pmp.co.at<\/span><\/a>\n                              <\/span>\n                            <\/div>\n                          <\/div>\n                        <\/div>\n                      <\/div>\n                    <\/div>\n                  <\/div>\n                <\/div>\n              <\/div>\n            <\/div>\n          <\/div>\n          <div class=\"h-column h-column-container d-flex h-col-lg-4 h-col-md-6 h-col-12 style-1327-outer style-local-3375-c12-outer\">\n            <div data-colibri-id=\"3375-c12\" class=\"d-flex h-flex-basis h-column__inner h-px-lg-0 h-px-md-0 h-px-0 v-inner-lg-0 v-inner-md-0 v-inner-0 style-1327 style-local-3375-c12 position-relative\">\n              <!---->\n              <!---->\n              <div class=\"w-100 h-y-container h-column__content h-column__v-align flex-basis-100 align-self-lg-start align-self-md-start align-self-start\">\n                <!---->\n                <div data-colibri-id=\"3375-c13\" class=\"d-block style-1328 style-local-3375-c13 position-relative h-element\">\n                  <!---->\n                  <div class=\"h-image__frame-container-outer\">\n                    <div class=\"h-image__frame-container\">\n                      <!---->\n                      <!---->\n                      <img loading=\"lazy\" decoding=\"async\" width=\"590\" height=\"840\" src=\"https:\/\/www.pmp4you.support\/pmp\/wp-content\/uploads\/sigrid_gottein-2.jpg\" class=\"wp-image-11184 style-1328-image style-local-3375-c13-image\" alt=\"\" srcset=\"https:\/\/www.pmp4you.support\/pmp\/wp-content\/uploads\/sigrid_gottein-2.jpg 590w, https:\/\/www.pmp4you.support\/pmp\/wp-content\/uploads\/sigrid_gottein-2-211x300.jpg 211w\" sizes=\"(max-width: 590px) 100vw, 590px\" \/>\n                      <div class=\"h-image__frame h-hide-lg h-hide-md h-hide-sm style-1328-frameImage style-local-3375-c13-frameImage\"><\/div>\n                    <\/div>\n                  <\/div>\n                <\/div>\n                <div data-colibri-id=\"3375-c14\" class=\"h-row-container gutters-row-lg-0 gutters-row-md-0 gutters-row-0 gutters-row-v-lg-0 gutters-row-v-md-0 gutters-row-v-0 style-1329 style-local-3375-c14 position-relative\">\n                  <!---->\n                  <div class=\"h-row justify-content-lg-center justify-content-md-center justify-content-center align-items-lg-stretch align-items-md-stretch align-items-stretch gutters-col-lg-0 gutters-col-md-0 gutters-col-0 gutters-col-v-lg-0 gutters-col-v-md-0 gutters-col-v-0\">\n                    <!---->\n                    <div class=\"h-column h-column-container d-flex h-col-lg-auto h-col-md-auto h-col-auto style-1330-outer style-local-3375-c15-outer\">\n                      <div data-colibri-id=\"3375-c15\" class=\"d-flex h-flex-basis h-column__inner h-px-lg-2 h-px-md-2 h-px-2 v-inner-lg-2 v-inner-md-2 v-inner-2 style-1330 style-local-3375-c15 position-relative\">\n                        <!---->\n                        <!---->\n                        <div class=\"w-100 h-y-container h-column__content h-column__v-align flex-basis-100 align-self-lg-start align-self-md-start align-self-start\">\n                          <!---->\n                          <div data-colibri-id=\"3375-c16\" class=\"h-global-transition-all h-heading style-1331 style-local-3375-c16 position-relative h-element\">\n                            <!---->\n                            <!---->\n                            <h4 class=\"\"> Sigrid Gottein<\/h4>\n                          <\/div>\n                          <div data-colibri-id=\"3375-c17\" class=\"h-text h-text-component style-1332 style-local-3375-c17 position-relative h-element\">\n                            <!---->\n                            <!---->\n                            <div class=\"\">\n                              <p>Organisation &amp; Kunden-Service\n                                <br \/>\n                                <br \/>\n                              <\/p>\n                            <\/div>\n                          <\/div>\n                          <div data-colibri-id=\"3375-c18\" class=\"h-x-container style-1343 style-local-3375-c18 position-relative h-element\">\n                            <!---->\n                            <div class=\"h-x-container-inner style-dynamic-3375-c18-group style-1343-spacing style-local-3375-c18-spacing\"><span class=\"h-link__outer style-1344-outer style-local-3375-c19-outer d-inline-flex h-element\"><a h-use-smooth-scroll=\"true\" href=\"mailto:sigrid.gottein@pmp.co.at\"  data-colibri-id=\"3375-c19\" class=\"d-flex w-100 align-items-center h-link style-1344 style-local-3375-c19 position-relative\"><!----><!----> <span>sigrid.gottein@pmp.co.at<\/span><\/a>\n                              <\/span>\n                            <\/div>\n                          <\/div>\n                        <\/div>\n                      <\/div>\n                    <\/div>\n                  <\/div>\n                <\/div>\n              <\/div>\n            <\/div>\n          <\/div>\n          <div class=\"h-column h-column-container d-flex h-col-lg-4 h-col-md-6 h-col-12 style-1327-outer style-local-3375-c20-outer\">\n            <div data-colibri-id=\"3375-c20\" class=\"d-flex h-flex-basis h-column__inner h-px-lg-0 h-px-md-0 h-px-0 v-inner-lg-0 v-inner-md-0 v-inner-0 style-1327 style-local-3375-c20 position-relative\">\n              <!---->\n              <!---->\n              <div class=\"w-100 h-y-container h-column__content h-column__v-align flex-basis-100 align-self-lg-start align-self-md-start align-self-start\">\n                <!---->\n                <div data-colibri-id=\"3375-c21\" class=\"d-block style-1328 style-local-3375-c21 position-relative h-element\">\n                  <!---->\n                  <div class=\"h-image__frame-container-outer\">\n                    <div class=\"h-image__frame-container\">\n                      <!---->\n                      <!---->\n                      <img loading=\"lazy\" decoding=\"async\" width=\"590\" height=\"840\" src=\"https:\/\/www.pmp4you.support\/pmp\/wp-content\/uploads\/johanna_prax_02.jpg\" class=\"wp-image-11185 style-1328-image style-local-3375-c21-image\" alt=\"\" srcset=\"https:\/\/www.pmp4you.support\/pmp\/wp-content\/uploads\/johanna_prax_02.jpg 590w, https:\/\/www.pmp4you.support\/pmp\/wp-content\/uploads\/johanna_prax_02-211x300.jpg 211w\" sizes=\"(max-width: 590px) 100vw, 590px\" \/>\n                      <div class=\"h-image__frame h-hide-lg h-hide-md h-hide-sm style-1328-frameImage style-local-3375-c21-frameImage\"><\/div>\n                    <\/div>\n                  <\/div>\n                <\/div>\n                <div data-colibri-id=\"3375-c22\" class=\"h-row-container gutters-row-lg-0 gutters-row-md-0 gutters-row-0 gutters-row-v-lg-0 gutters-row-v-md-0 gutters-row-v-0 style-1329 style-local-3375-c22 position-relative\">\n                  <!---->\n                  <div class=\"h-row justify-content-lg-center justify-content-md-center justify-content-center align-items-lg-stretch align-items-md-stretch align-items-stretch gutters-col-lg-0 gutters-col-md-0 gutters-col-0 gutters-col-v-lg-0 gutters-col-v-md-0 gutters-col-v-0\">\n                    <!---->\n                    <div class=\"h-column h-column-container d-flex h-col-lg-auto h-col-md-auto h-col-auto style-1330-outer style-local-3375-c23-outer\">\n                      <div data-colibri-id=\"3375-c23\" class=\"d-flex h-flex-basis h-column__inner h-px-lg-2 h-px-md-2 h-px-2 v-inner-lg-2 v-inner-md-2 v-inner-2 style-1330 style-local-3375-c23 position-relative\">\n                        <!---->\n                        <!---->\n                        <div class=\"w-100 h-y-container h-column__content h-column__v-align flex-basis-100 align-self-lg-start align-self-md-start align-self-start\">\n                          <!---->\n                          <div data-colibri-id=\"3375-c24\" class=\"h-global-transition-all h-heading style-1331 style-local-3375-c24 position-relative h-element\">\n                            <!---->\n                            <!---->\n                            <h4 class=\"\">Johanna Prax<\/h4>\n                          <\/div>\n                          <div data-colibri-id=\"3375-c25\" class=\"h-text h-text-component style-1332 style-local-3375-c25 position-relative h-element\">\n                            <!---->\n                            <!---->\n                            <div class=\"\">\n                              <p>Seminar-Service\n                                <br \/>\n                                <br \/>\n                              <\/p>\n                            <\/div>\n                          <\/div>\n                          <div data-colibri-id=\"3375-c26\" class=\"h-x-container style-1341 style-local-3375-c26 position-relative h-element\">\n                            <!---->\n                            <div class=\"h-x-container-inner style-dynamic-3375-c26-group style-1341-spacing style-local-3375-c26-spacing\"><span class=\"h-link__outer style-1342-outer style-local-3375-c27-outer d-inline-flex h-element\"><a h-use-smooth-scroll=\"true\" href=\"mailto:johanna.prax@pmp.co.at\"  data-colibri-id=\"3375-c27\" class=\"d-flex w-100 align-items-center h-link style-1342 style-local-3375-c27 position-relative\"><!----><!----> <span>johanna.prax@pmp.co.at<\/span><\/a>\n                              <\/span>\n                            <\/div>\n                          <\/div>\n                        <\/div>\n                      <\/div>\n                    <\/div>\n                  <\/div>\n                <\/div>\n              <\/div>\n            <\/div>\n          <\/div>\n        <\/div>\n      <\/div>\n      <div data-colibri-id=\"3375-c28\" class=\"h-row-container gutters-row-lg-2 gutters-row-md-2 gutters-row-0 gutters-row-v-lg-2 gutters-row-v-md-2 gutters-row-v-2 style-1347 style-local-3375-c28 position-relative\">\n        <!---->\n        <div class=\"h-row justify-content-lg-center justify-content-md-center justify-content-center align-items-lg-stretch align-items-md-stretch align-items-stretch gutters-col-lg-2 gutters-col-md-2 gutters-col-0 gutters-col-v-lg-2 gutters-col-v-md-2 gutters-col-v-2\">\n          <!---->\n          <div class=\"h-column h-column-container d-flex h-col-lg-auto h-col-md-auto h-col-auto style-1348-outer style-local-3375-c29-outer\">\n            <div data-colibri-id=\"3375-c29\" class=\"d-flex h-flex-basis h-column__inner h-px-lg-2 h-px-md-2 h-px-2 v-inner-lg-2 v-inner-md-2 v-inner-2 style-1348 style-local-3375-c29 position-relative\">\n              <!---->\n              <!---->\n              <div class=\"w-100 h-y-container h-column__content h-column__v-align flex-basis-100 align-self-lg-start align-self-md-start align-self-start\">\n                <!---->\n                <div data-colibri-id=\"3375-c30\" class=\"h-global-transition-all h-heading style-1349 style-local-3375-c30 position-relative h-element\">\n                  <!---->\n                  <!---->\n                  <h3 class=\"\">Lernen Sie <em style=\"font-family: Playfair Display; color: rgb(247, 144, 7);\">uns kennen!<\/em><\/h3>\n                <\/div>\n              <\/div>\n            <\/div>\n          <\/div>\n        <\/div>\n      <\/div>\n      <div data-colibri-id=\"3375-c31\" class=\"h-row-container gutters-row-lg-2 gutters-row-md-2 gutters-row-0 gutters-row-v-lg-2 gutters-row-v-md-2 gutters-row-v-2 style-1350 style-local-3375-c31 position-relative\">\n        <!---->\n        <div class=\"h-row justify-content-lg-center justify-content-md-center justify-content-center align-items-lg-stretch align-items-md-stretch align-items-stretch gutters-col-lg-2 gutters-col-md-2 gutters-col-0 gutters-col-v-lg-2 gutters-col-v-md-2 gutters-col-v-2\">\n          <!---->\n          <div class=\"h-column h-column-container d-flex h-col-lg-auto h-col-md-auto h-col-auto style-1351-outer style-local-3375-c32-outer\">\n            <div data-colibri-id=\"3375-c32\" class=\"d-flex h-flex-basis h-column__inner h-px-lg-2 h-px-md-2 h-px-2 v-inner-lg-2 v-inner-md-2 v-inner-2 style-1351 style-local-3375-c32 position-relative\">\n              <!---->\n              <!---->\n              <div class=\"w-100 h-y-container h-column__content h-column__v-align flex-basis-100 align-self-lg-start align-self-md-start align-self-start\">\n                <!---->\n                <div data-colibri-id=\"3375-c33\" class=\"h-lead h-text h-text-component style-1340 style-local-3375-c33 position-relative h-element\">\n                  <!---->\n                  <!---->\n                  <div class=\"\">\n                    <p>Machen Sie sich in einem pers\u00f6nlichen Gespr\u00e4ch selbst ein Bild von uns:<\/p>\n                    <p>+43 (0)662 441866,\n                      <a href=\"mailto:office@pmp.co.at\">office@pmp.co.at<\/a>\n                    <\/p>\n                  <\/div>\n                <\/div>\n              <\/div>\n            <\/div>\n          <\/div>\n        <\/div>\n      <\/div>\n    <\/div>\n  <\/div>\n<\/div>","protected":false},"excerpt":{"rendered":"<p>Der direkte Kontakt zum PMP-Team Umfassende&nbsp;Erfahrung sowie ganzheitliches Verst\u00e4ndnis und Wissen&nbsp;im Personalmanagement zeichnen unser Team aus. Wir stehen Ihnen gerne pers\u00f6nlich&nbsp;f\u00fcr Ihre Fragen und Anliegen zur Verf\u00fcgung \u2013 mit einem Klick k\u00f6nnen Sie direkt Kontakt aufnehmen. Mag. Dr. Robert P\u00fcrstinger Gesch\u00e4ftsf\u00fchrung &amp; Externes Personalmanagement robert.puerstinger@pmp.co.at Sigrid Gottein Organisation &amp; Kunden-Service sigrid.gottein@pmp.co.at Johanna Prax Seminar-Service johanna.prax@pmp.co.at [&hellip;]<\/p>\n","protected":false},"author":3,"featured_media":0,"parent":2359,"menu_order":3,"comment_status":"closed","ping_status":"closed","template":"page-templates\/full-width-page.php","meta":{"_coblocks_attr":"","_coblocks_dimensions":"","_coblocks_responsive_height":"","_coblocks_accordion_ie_support":"","footnotes":""},"_links":{"self":[{"href":"https:\/\/www.pmp4you.support\/pmp\/wp-json\/wp\/v2\/pages\/3375"}],"collection":[{"href":"https:\/\/www.pmp4you.support\/pmp\/wp-json\/wp\/v2\/pages"}],"about":[{"href":"https:\/\/www.pmp4you.support\/pmp\/wp-json\/wp\/v2\/types\/page"}],"author":[{"embeddable":true,"href":"https:\/\/www.pmp4you.support\/pmp\/wp-json\/wp\/v2\/users\/3"}],"replies":[{"embeddable":true,"href":"https:\/\/www.pmp4you.support\/pmp\/wp-json\/wp\/v2\/comments?post=3375"}],"version-history":[{"count":0,"href":"https:\/\/www.pmp4you.support\/pmp\/wp-json\/wp\/v2\/pages\/3375\/revisions"}],"up":[{"embeddable":true,"href":"https:\/\/www.pmp4you.support\/pmp\/wp-json\/wp\/v2\/pages\/2359"}],"wp:attachment":[{"href":"https:\/\/www.pmp4you.support\/pmp\/wp-json\/wp\/v2\/media?parent=3375"}],"curies":[{"name":"wp","href":"https:\/\/api.w.org\/{rel}","templated":true}]}}